he hundreds digit of 784?
7
What is the thousands digit of 22993?
2
What is the hundreds digit of 2267?
2
What is the hundreds digit of 8392?
3
What is the hundreds digit of 31435?
4
What is the tens digit of 3755?
5
What is the units digit of 2779?
9
What is the thousands digit of 2887?
2
What is the units digit of 2295?
5
What is the units digit of 5815?
5
What is the ten thousands digit of 33127?
3
What is the hundreds digit of 3420?
4
What is the hundreds digit of 10223?
2
What is the units digit of 18126?
6
What is the thousands digit of 3383?
3
What is the hundreds digit of 6397?
3
What is the units digit of 5550?
0
What is the hundreds digit of 28478?
4
What is the hundreds digit of 57053?
0
What is the tens digit of 302?
0
What is the hundreds digit of 4444?
4
What is the units digit of 939?
9
What is the thousands digit of 16266?
6
What is the thousands digit of 71070?
1
What is the units digit of 290?
0
What is the hundreds digit of 11118?
1
What is the units digit of 364?
4
What is the units digit of 417?
7
What is the units digit of 75841?
1
What is the thousands digit of 4494?
4
What is the units digit of 114568?
8
What is the hundreds digit of 51006?
0
What is the tens digit of 4876?
7
What is the hundreds digit of 11858?
8
What is the thousands digit of 3162?
3
What is the units digit of 201?
1
What is the ten thousands digit of 52034?
5
What is the hundreds digit of 1380?
3
What is the units digit of 4343?
3
What is the hundreds digit of 1165?
1
What is the ten thousands digit of 31419?
3
What is the hundreds digit of 407?
4
What is the thousands digit of 15340?
5
What is the tens digit of 635?
3
What is the ten thousands digit of 22144?
2
What is the tens digit of 2001?
0
What is the tens digit of 34?
3
What is the units digit of 11713?
3
What is the tens digit of 36060?
6
What is the thousands digit of 102636?
2
What is the tens digit of 3824?
2
What is the thousands digit of 1790?
1
What is the tens digit of 898?
9
What is the hundreds digit of 277?
2
What is the units digit of 31554?
4
What is the tens digit of 553?
5
What is the units digit of 4655?
5
What is the tens digit of 217?
1
What is the tens digit of 16030?
3
What is the tens digit of 1940?
4
What is the tens digit of 4033?
3
What is the tens digit of 21110?
1
What is the hundreds digit of 3026?
0
What is the units digit of 21160?
0
What is the units digit of 242?
2
What is the thousands digit of 9639?
9
What is the hundreds digit of 4636?
6
What is the units digit of 806?
6
What is the hundreds digit of 300?
3
What is the hundreds digit of 481?
4
What is the ten thousands digit of 104754?
0
What is the hundreds digit of 3552?
5
What is the hundreds digit of 44280?
2
What is the hundreds digit of 85671?
6
What is the thousands digit of 19360?
9
What is the tens digit of 130717?
1
What is the hundreds digit of 1100?
1
What is the thousands digit of 9853?
9
What is the units digit of 38821?
1
What is the units digit of 15069?
9
What is the units digit of 915?
5
What is the units digit of 209?
9
What is the ten thousands digit of 82551?
8
What is the units digit of 16091?
1
What is the thousands digit of 1050?
1
What is the units digit of 3023?
3
What is the hundreds digit of 1844?
8
What is the tens digit of 6950?
5
What is the thousands digit of 3097?
3
What is the tens digit of 957?
5
What is the tens digit of 2124?
2
What is the hundreds digit of 594?
5
What is the hundreds digit of 868?
8
What is the units digit of 236?
6
What is the hundreds digit of 3520?
5
What is the tens digit of 2675?
7
What is the thousands digit of 3947?
3
What is the units digit of 4682?
2
What is the thousands digit of 162252?
2
What is the hundreds digit of 2777?
7
What is the units digit of 126812?
2
What is the units digit of 947?
7
What is the units digit of 999?
9
What is the tens digit of 8201?
0
What is the thousands digit of 1643?
1
What is the tens digit of 1297?
9
What is the units digit of 7054?
4
What is the hundreds digit of 20235?
2
What is the tens digit of 3344?
4
What is the thousands digit of 128491?
8
What is the hundreds digit of 609?
6
What is the hundreds digit of 14183?
1
What is the units digit of 52628?
8
What is the units digit of 693?
3
What is the tens digit of 13518?
1
What is the units digit of 56248?
8
What is the tens digit of 791?
9
What is the tens digit of 617?
1
What is the tens digit of 1553?
5
What is the tens digit of 4728?
2
What is the hundreds digit of 3309?
3
What is the ten thousands digit of 65102?
6
What is the thousands digit of 9693?
9
What is the hundreds digit of 2365?
3
What is the ten thousands digit of 40654?
4
What is the units digit of 26795?
5
What is the units digit of 6163?
3
What is the tens digit of 1428?
2
What is the tens digit of 32996?
9
What is the units digit of 21794?
4
What is the tens digit of 6045?
4
What is the thousands digit of 18658?
8
What is the tens digit of 2673?
7
What is the units digit of 54831?
1
What is the ten thousands digit of 28285?
2
What is the units digit of 16525?
5
What is the tens digit of 65947?
4
What is the thousands digit of 2822?
2
What is the hundreds digit of 155458?
4
What is the hundreds digit of 1795?
7
What is the thousands digit of 62123?
2
What is the hundreds digit of 798?
7
What is the tens digit of 157853?
5
What is the hundreds digit of 8627?
6
What is the tens digit of 7844?
4
What is the hundreds digit of 4640?
6
What is the tens digit of 1349?
4
What is the hundreds digit of 6470?
4
What is the tens digit of 10715?
1
What is the tens digit of 8380?
8
What is the units digit of 2325?
5
What is the thousands digit of 7807?
7
What is the tens digit of 27?
2
What is the hundreds digit of 31839?
8
What is the units digit of 6166?
6
What is the ten thousands digit of 60609?
6
What is the thousands digit of 3858?
3
What is the tens digit of 68732?
3
What is the hundreds digit of 920?
9
What is the tens digit of 312?
1
What is the units digit of 6448?
8
What is the units digit of 18165?
5
What is the thousands digit of 31384?
1
What is the hundreds digit of 128691?
6
What is the tens digit of 425?
2
What is the ten thousands digit of 25090?
2
What is the ten thousands digit of 15193?
1
What is the tens digit of 24220?
2
What is the ten thousands digit of 33548?
3
What is the thousands digit of 2885?
2
What is the tens digit of 61097?
9
What is the units digit of 456?
6
What is the tens digit of 47188?
8
What is the units digit of 106?
6
What is the tens digit of 8136?
3
What is the thousands digit of 1594?
1
What is the units digit of 2410?
0
What is the ten thousands digit of 41409?
4
What is the tens digit of 20846?
4
What is the units digit of 934?
4
What is the hundreds digit of 2025?
0
What is the units digit of 3983?
3
What is the units digit of 7091?
1
What is the units digit of 12061?
1
What is the units digit of 689?
9
What is the thousands digit of 3614?
3
What is the hundreds digit of 552?
5
What is the hundreds digit of 39544?
5
What is the thousands digit of 117221?
7
What is the units digit of 21965?
5
What is the units digit of 133?
3
What is the ten thousands digit of 199208?
9
What is the thousands digit of 5458?
5
What is the units digit of 280?
0
What is the tens digit of 806?
0
What is the hundreds digit of 872?
8
What is the hundreds digit of 1098?
0
What is the ten thousands digit of 137721?
3
What is the units digit of 6234?
4
What is the thousands digit of 6167?
6
What is the hundreds digit of 8096?
0
What is the thousands digit of 4855?
4
What is the hundreds digit of 2714?
7
What is the units digit of 33299?
9
What is the units digit of 125220?
0
What is the tens digit of 291?
9
What is the ten thousands digit of 14508?
1
What is the tens digit of 6915?
1
What is the hundreds digit of 4433?
4
What is the units digit of 65346?
6
What is the units digit of 12549?
9
What is the thousands digit of 6675?
6
What is the hundreds digit of 8050?
0
What is the thousands digit of 22588?
2
What is the units digit of 67?
7
What is the thousands digit of 7474?
7
What is the hundreds digit of 1711?
7
What is the thousands digit of 8695?
8
What is the units digit of 22073?
3
What is the tens digit of 14247?
4
What is the hundreds digit of 17789?
7
What is the thousand